{"id":13,"date":"2021-12-27T12:29:37","date_gmt":"2021-12-27T12:29:37","guid":{"rendered":"http:\/\/greenline-group.com\/?page_id=13"},"modified":"2022-03-28T08:24:18","modified_gmt":"2022-03-28T08:24:18","slug":"recrutement","status":"publish","type":"page","link":"https:\/\/greenline-group.com\/index.php\/recrutement\/","title":{"rendered":"Recrutement"},"content":{"rendered":"\t\t<div data-elementor-type=\"wp-page\" data-elementor-id=\"13\" class=\"elementor elementor-13\">\n\t\t\t\t\t\t<section class=\"elementor-section elementor-top-section elementor-element elementor-element-609ef3a elementor-section-height-min-height elementor-section-items-stretch elementor-section-boxed elementor-section-height-default\" data-id=\"609ef3a\" data-element_type=\"section\" data-settings=\"{&quot;background_background&quot;:&quot;classic&quot;}\">\n\t\t\t\t\t\t<div class=\"elementor-container elementor-column-gap-default\">\n\t\t\t\t\t<div class=\"elementor-column elementor-col-100 elementor-top-column elementor-element elementor-element-44b1df9d\" data-id=\"44b1df9d\" data-element_type=\"column\">\n\t\t\t<div class=\"elementor-widget-wrap elementor-element-populated\">\n\t\t\t\t\t\t<div class=\"elementor-element elementor-element-aaa937 elementor-hidden-mobile elementor-widget elementor-widget-spacer\" data-id=\"aaa937\" data-element_type=\"widget\" data-widget_type=\"spacer.default\">\n\t\t\t\t<div class=\"elementor-widget-container\">\n\t\t\t\t\t\t\t<div class=\"elementor-spacer\">\n\t\t\t<div class=\"elementor-spacer-inner\"><\/div>\n\t\t<\/div>\n\t\t\t\t\t\t<\/div>\n\t\t\t\t<\/div>\n\t\t\t\t<div class=\"elementor-element elementor-element-53f6cb0f elementor-widget elementor-widget-heading\" data-id=\"53f6cb0f\" data-element_type=\"widget\" data-widget_type=\"heading.default\">\n\t\t\t\t<div class=\"elementor-widget-container\">\n\t\t\t\t\t<h1 class=\"elementor-heading-title elementor-size-default\">Recrutement<\/h1>\t\t\t\t<\/div>\n\t\t\t\t<\/div>\n\t\t\t\t<div class=\"elementor-element elementor-element-204fcd4 elementor-widget elementor-widget-text-editor\" data-id=\"204fcd4\" data-element_type=\"widget\" data-widget_type=\"text-editor.default\">\n\t\t\t\t<div class=\"elementor-widget-container\">\n\t\t\t\t\t\t\t\t\t<p><strong>recrutement@greenline-Group.Com\u200b<\/strong><\/p>\t\t\t\t\t\t\t\t<\/div>\n\t\t\t\t<\/div>\n\t\t\t\t<div class=\"elementor-element elementor-element-449e1f2 elementor-widget elementor-widget-spacer\" data-id=\"449e1f2\" data-element_type=\"widget\" data-widget_type=\"spacer.default\">\n\t\t\t\t<div class=\"elementor-widget-container\">\n\t\t\t\t\t\t\t<div class=\"elementor-spacer\">\n\t\t\t<div class=\"elementor-spacer-inner\"><\/div>\n\t\t<\/div>\n\t\t\t\t\t\t<\/div>\n\t\t\t\t<\/div>\n\t\t\t\t\t<\/div>\n\t\t<\/div>\n\t\t\t\t\t<\/div>\n\t\t<\/section>\n\t\t\t\t<section class=\"elementor-section elementor-top-section elementor-element elementor-element-1edfa966 elementor-section-boxed elementor-section-height-default elementor-section-height-default\" data-id=\"1edfa966\" data-element_type=\"section\" data-settings=\"{&quot;background_background&quot;:&quot;classic&quot;}\">\n\t\t\t\t\t\t<div class=\"elementor-container elementor-column-gap-default\">\n\t\t\t\t\t<div class=\"elementor-column elementor-col-50 elementor-top-column elementor-element elementor-element-453abd6e\" data-id=\"453abd6e\" data-element_type=\"column\">\n\t\t\t<div class=\"elementor-widget-wrap elementor-element-populated\">\n\t\t\t\t\t\t<section class=\"elementor-section elementor-inner-section elementor-element elementor-element-51bcf8d6 elementor-section-boxed elementor-section-height-default elementor-section-height-default\" data-id=\"51bcf8d6\" data-element_type=\"section\">\n\t\t\t\t\t\t<div class=\"elementor-container elementor-column-gap-default\">\n\t\t\t\t\t<div class=\"elementor-column elementor-col-100 elementor-inner-column elementor-element elementor-element-54cb1d3a\" data-id=\"54cb1d3a\" data-element_type=\"column\">\n\t\t\t<div class=\"elementor-widget-wrap elementor-element-populated\">\n\t\t\t\t\t\t<div class=\"elementor-element elementor-element-78eea739 elementor-widget elementor-widget-heading\" data-id=\"78eea739\" data-element_type=\"widget\" data-widget_type=\"heading.default\">\n\t\t\t\t<div class=\"elementor-widget-container\">\n\t\t\t\t\t<h3 class=\"elementor-heading-title elementor-size-default\">POURQUOI NOUS REJOINDRE ?<\/h3>\t\t\t\t<\/div>\n\t\t\t\t<\/div>\n\t\t\t\t<div class=\"elementor-element elementor-element-75ba00d7 elementor-widget-divider--view-line elementor-widget elementor-widget-divider\" data-id=\"75ba00d7\" data-element_type=\"widget\" data-widget_type=\"divider.default\">\n\t\t\t\t<div class=\"elementor-widget-container\">\n\t\t\t\t\t\t\t<div class=\"elementor-divider\">\n\t\t\t<span class=\"elementor-divider-separator\">\n\t\t\t\t\t\t<\/span>\n\t\t<\/div>\n\t\t\t\t\t\t<\/div>\n\t\t\t\t<\/div>\n\t\t\t\t<div class=\"elementor-element elementor-element-2ad0b6ff elementor-widget elementor-widget-text-editor\" data-id=\"2ad0b6ff\" data-element_type=\"widget\" data-widget_type=\"text-editor.default\">\n\t\t\t\t<div class=\"elementor-widget-container\">\n\t\t\t\t\t\t\t\t\t<p>Vous recherchez un emploi stable, avec des opportunit\u00e9s d\u2019\u00e9volution de carri\u00e8re qui est serait<br \/>compatible avec votre rythme de vie personnelle ?<\/p>\t\t\t\t\t\t\t\t<\/div>\n\t\t\t\t<\/div>\n\t\t\t\t<div class=\"elementor-element elementor-element-2326858 elementor-widget elementor-widget-text-editor\" data-id=\"2326858\" data-element_type=\"widget\" data-widget_type=\"text-editor.default\">\n\t\t\t\t<div class=\"elementor-widget-container\">\n\t\t\t\t\t\t\t\t\t<p>Greenline Group recrute r\u00e9guli\u00e8rement des agents, avec qui nous construisons ensemble une relation de travail bas\u00e9e sur la confiance et l\u2019efficacit\u00e9.<\/p><p>Notre ambition est grande et collective et nous pr\u00f4nons \u00ab <strong>L\u2019ESPRIT D\u2019EQUIPE<\/strong> \u00bb.<\/p>\t\t\t\t\t\t\t\t<\/div>\n\t\t\t\t<\/div>\n\t\t\t\t\t<\/div>\n\t\t<\/div>\n\t\t\t\t\t<\/div>\n\t\t<\/section>\n\t\t\t\t\t<\/div>\n\t\t<\/div>\n\t\t\t\t<div class=\"elementor-column elementor-col-50 elementor-top-column elementor-element elementor-element-1188d079\" data-id=\"1188d079\" data-element_type=\"column\">\n\t\t\t<div class=\"elementor-widget-wrap elementor-element-populated\">\n\t\t\t\t\t\t<section class=\"elementor-section elementor-inner-section elementor-element elementor-element-15ba3dbc elementor-section-boxed elementor-section-height-default elementor-section-height-default\" data-id=\"15ba3dbc\" data-element_type=\"section\">\n\t\t\t\t\t\t<div class=\"elementor-container elementor-column-gap-default\">\n\t\t\t\t\t<div class=\"elementor-column elementor-col-50 elementor-inner-column elementor-element elementor-element-576b7cbb\" data-id=\"576b7cbb\" data-element_type=\"column\">\n\t\t\t<div class=\"elementor-widget-wrap elementor-element-populated\">\n\t\t\t\t\t\t<div class=\"elementor-element elementor-element-a221c71 elementor-hidden-mobile elementor-widget elementor-widget-image\" data-id=\"a221c71\" data-element_type=\"widget\" data-widget_type=\"image.default\">\n\t\t\t\t<div class=\"elementor-widget-container\">\n\t\t\t\t\t\t\t\t\t\t\t\t\t\t\t<img decoding=\"async\" src=\"https:\/\/greenline-group.com\/wp-content\/uploads\/elementor\/thumbs\/Agent-de-nettoyage-scaled-pi71d1kiqjv2uj1gqvpt7fw4qb7x1w6mgm689yprao.jpg\" title=\"Agent de nettoyage\" alt=\"Agent de nettoyage\" loading=\"lazy\" \/>\t\t\t\t\t\t\t\t\t\t\t\t\t\t\t<\/div>\n\t\t\t\t<\/div>\n\t\t\t\t\t<\/div>\n\t\t<\/div>\n\t\t\t\t<div class=\"elementor-column elementor-col-50 elementor-inner-column elementor-element elementor-element-1bd51026\" data-id=\"1bd51026\" data-element_type=\"column\">\n\t\t\t<div class=\"elementor-widget-wrap elementor-element-populated\">\n\t\t\t\t\t\t<div class=\"elementor-element elementor-element-23235b25 elementor-widget elementor-widget-image\" data-id=\"23235b25\" data-element_type=\"widget\" data-widget_type=\"image.default\">\n\t\t\t\t<div class=\"elementor-widget-container\">\n\t\t\t\t\t\t\t\t\t\t\t\t\t\t\t<img fetchpriority=\"high\" decoding=\"async\" width=\"2560\" height=\"1707\" src=\"https:\/\/greenline-group.com\/wp-content\/uploads\/2021\/12\/pexels-ron-lach-10573238-scaled.jpg\" class=\"attachment-full size-full wp-image-215\" alt=\"\" srcset=\"https:\/\/greenline-group.com\/wp-content\/uploads\/2021\/12\/pexels-ron-lach-10573238-scaled.jpg 2560w, https:\/\/greenline-group.com\/wp-content\/uploads\/2021\/12\/pexels-ron-lach-10573238-300x200.jpg 300w, https:\/\/greenline-group.com\/wp-content\/uploads\/2021\/12\/pexels-ron-lach-10573238-1024x683.jpg 1024w, https:\/\/greenline-group.com\/wp-content\/uploads\/2021\/12\/pexels-ron-lach-10573238-768x512.jpg 768w, https:\/\/greenline-group.com\/wp-content\/uploads\/2021\/12\/pexels-ron-lach-10573238-1536x1024.jpg 1536w, https:\/\/greenline-group.com\/wp-content\/uploads\/2021\/12\/pexels-ron-lach-10573238-2048x1365.jpg 2048w, https:\/\/greenline-group.com\/wp-content\/uploads\/2021\/12\/pexels-ron-lach-10573238-930x620.jpg 930w\" sizes=\"(max-width: 2560px) 100vw, 2560px\" \/>\t\t\t\t\t\t\t\t\t\t\t\t\t\t\t<\/div>\n\t\t\t\t<\/div>\n\t\t\t\t<div class=\"elementor-element elementor-element-55155ea3 elementor-hidden-mobile elementor-widget elementor-widget-image\" data-id=\"55155ea3\" data-element_type=\"widget\" data-widget_type=\"image.default\">\n\t\t\t\t<div class=\"elementor-widget-container\">\n\t\t\t\t\t\t\t\t\t\t\t\t\t\t\t<img decoding=\"async\" src=\"https:\/\/greenline-group.com\/wp-content\/uploads\/elementor\/thumbs\/Local-dentreprise-scaled-pi6wj1nz6w3eh3gnxudnf6vnzwemvezxftk5v7qv1c.jpg\" title=\"Local d&rsquo;entreprise\" alt=\"Local d&#039;entreprise\" loading=\"lazy\" \/>\t\t\t\t\t\t\t\t\t\t\t\t\t\t\t<\/div>\n\t\t\t\t<\/div>\n\t\t\t\t\t<\/div>\n\t\t<\/div>\n\t\t\t\t\t<\/div>\n\t\t<\/section>\n\t\t\t\t\t<\/div>\n\t\t<\/div>\n\t\t\t\t\t<\/div>\n\t\t<\/section>\n\t\t\t\t<section class=\"elementor-section elementor-top-section elementor-element elementor-element-396a7f0d elementor-section-boxed elementor-section-height-default elementor-section-height-default\" data-id=\"396a7f0d\" data-element_type=\"section\" data-settings=\"{&quot;background_background&quot;:&quot;classic&quot;}\">\n\t\t\t\t\t\t<div class=\"elementor-container elementor-column-gap-default\">\n\t\t\t\t\t<div class=\"elementor-column elementor-col-100 elementor-top-column elementor-element elementor-element-85e4160\" data-id=\"85e4160\" data-element_type=\"column\">\n\t\t\t<div class=\"elementor-widget-wrap elementor-element-populated\">\n\t\t\t\t\t\t<section class=\"elementor-section elementor-inner-section elementor-element elementor-element-b4ff021 elementor-section-boxed elementor-section-height-default elementor-section-height-default\" data-id=\"b4ff021\" data-element_type=\"section\">\n\t\t\t\t\t\t<div class=\"elementor-container elementor-column-gap-default\">\n\t\t\t\t\t<div class=\"elementor-column elementor-col-100 elementor-inner-column elementor-element elementor-element-61c2fc57\" data-id=\"61c2fc57\" data-element_type=\"column\">\n\t\t\t<div class=\"elementor-widget-wrap elementor-element-populated\">\n\t\t\t\t\t\t<div class=\"elementor-element elementor-element-3a50374c elementor-widget elementor-widget-heading\" data-id=\"3a50374c\" data-element_type=\"widget\" data-widget_type=\"heading.default\">\n\t\t\t\t<div class=\"elementor-widget-container\">\n\t\t\t\t\t<h3 class=\"elementor-heading-title elementor-size-default\">Candidature spontan\u00e9e<\/h3>\t\t\t\t<\/div>\n\t\t\t\t<\/div>\n\t\t\t\t<div class=\"elementor-element elementor-element-6085fa7b elementor-widget-divider--view-line elementor-widget elementor-widget-divider\" data-id=\"6085fa7b\" data-element_type=\"widget\" data-widget_type=\"divider.default\">\n\t\t\t\t<div class=\"elementor-widget-container\">\n\t\t\t\t\t\t\t<div class=\"elementor-divider\">\n\t\t\t<span class=\"elementor-divider-separator\">\n\t\t\t\t\t\t<\/span>\n\t\t<\/div>\n\t\t\t\t\t\t<\/div>\n\t\t\t\t<\/div>\n\t\t\t\t\t<\/div>\n\t\t<\/div>\n\t\t\t\t\t<\/div>\n\t\t<\/section>\n\t\t\t\t<div class=\"elementor-element elementor-element-10fb8cde elementor-widget elementor-widget-spacer\" data-id=\"10fb8cde\" data-element_type=\"widget\" data-widget_type=\"spacer.default\">\n\t\t\t\t<div class=\"elementor-widget-container\">\n\t\t\t\t\t\t\t<div class=\"elementor-spacer\">\n\t\t\t<div class=\"elementor-spacer-inner\"><\/div>\n\t\t<\/div>\n\t\t\t\t\t\t<\/div>\n\t\t\t\t<\/div>\n\t\t\t\t<section class=\"elementor-section elementor-inner-section elementor-element elementor-element-1800aa1a elementor-section-content-middle elementor-section-boxed elementor-section-height-default elementor-section-height-default\" data-id=\"1800aa1a\" data-element_type=\"section\">\n\t\t\t\t\t\t<div class=\"elementor-container elementor-column-gap-default\">\n\t\t\t\t\t<div class=\"elementor-column elementor-col-100 elementor-inner-column elementor-element elementor-element-138a7496\" data-id=\"138a7496\" data-element_type=\"column\">\n\t\t\t<div class=\"elementor-widget-wrap elementor-element-populated\">\n\t\t\t\t\t\t<div class=\"elementor-element elementor-element-7e35d6b elementor-widget elementor-widget-wp-widget-caldera_forms_widget\" data-id=\"7e35d6b\" data-element_type=\"widget\" data-widget_type=\"wp-widget-caldera_forms_widget.default\">\n\t\t\t\t<div class=\"elementor-widget-container\">\n\t\t\t\t\t<h5> <\/h5><div class=\"caldera-grid\" id=\"caldera_form_1\" data-cf-ver=\"1.9.7\" data-cf-form-id=\"CF61b7984903a67\"><div id=\"caldera_notices_1\" data-spinner=\"https:\/\/greenline-group.com\/wp-admin\/images\/spinner.gif\"><\/div><form data-instance=\"1\" class=\"CF61b7984903a67 caldera_forms_form cfajax-trigger\" method=\"POST\" enctype=\"multipart\/form-data\" id=\"CF61b7984903a67_1\" data-form-id=\"CF61b7984903a67\" aria-label=\"Recrutement\" data-target=\"#caldera_notices_1\" data-template=\"#cfajax_CF61b7984903a67-tmpl\" data-cfajax=\"CF61b7984903a67\" data-load-element=\"_parent\" data-load-class=\"cf_processing\" data-post-disable=\"0\" data-action=\"cf_process_ajax_submit\" data-request=\"https:\/\/greenline-group.com\/cf-api\/CF61b7984903a67\" data-hiderows=\"true\">\r\n<input type=\"hidden\" id=\"_cf_verify_CF61b7984903a67\" name=\"_cf_verify\" value=\"4c66c13f11\"  data-nonce-time=\"1778065690\" \/><input type=\"hidden\" name=\"_wp_http_referer\" value=\"\/index.php\/wp-json\/wp\/v2\/pages\/13\" \/><div id=\"cf2-CF61b7984903a67_1\"><\/div><input type=\"hidden\" name=\"_cf_frm_id\" value=\"CF61b7984903a67\">\r\n<input type=\"hidden\" name=\"_cf_frm_ct\" value=\"1\">\r\n<input type=\"hidden\" name=\"cfajax\" value=\"CF61b7984903a67\">\r\n<input type=\"hidden\" name=\"_cf_cr_pst\" value=\"13\">\r\n<div class=\"hide\" style=\"display:none; overflow:hidden;height:0;width:0;\">\r\n<label>Company<\/label><input type=\"text\" name=\"company\" value=\"\" autocomplete=\"off\">\r\n<\/div><div id=\"CF61b7984903a67_1-row-1\"  class=\"row  first_row\"><div  class=\"col-sm-6  first_col\"><div data-field-wrapper=\"fld_1529543\" class=\"form-group\" id=\"fld_1529543_1-wrap\">\r\n\t<label id=\"fld_1529543Label\" for=\"fld_1529543_1\" class=\"control-label\">Titre <span aria-hidden=\"true\" role=\"presentation\" class=\"field_required\" style=\"color:#ee0000;\">*<\/span><\/label>\r\n\t<div class=\"\">\r\n\t\t<select name=\"fld_1529543\" value=\"opt1421110\" data-field=\"fld_1529543\" class=\"form-control\" id=\"fld_1529543_1\"  required=\"required\"  aria-labelledby=\"fld_1529543Label\" >\n\t\t\t\t\t\t\t<option value=\"Choisissez-en un\" selected=\"selected\" data-calc-value=\"Choisissez-en un\" >\n\t\t\t\t\t\tChoisissez-en un\t\t\t\t\t<\/option>\n\t\t\t\t\t\t\t\t\t\t<option value=\"M.\"  data-calc-value=\"M.\" >\n\t\t\t\t\t\tM.\t\t\t\t\t<\/option>\n\t\t\t\t\t\t\t\t\t\t<option value=\"Mlle \"  data-calc-value=\"Mlle \" >\n\t\t\t\t\t\tMlle \t\t\t\t\t<\/option>\n\t\t\t\t\t\t\t\t\t\t<option value=\"Mme\"  data-calc-value=\"Mme\" >\n\t\t\t\t\t\tMme\t\t\t\t\t<\/option>\n\t\t\t\t\t\t\t\t\t\t<option value=\"Prof.\"  data-calc-value=\"Prof.\" >\n\t\t\t\t\t\tProf.\t\t\t\t\t<\/option>\n\t\t\t\t\t\t\t\t\t\t<option value=\"Dr.\"  data-calc-value=\"Dr.\" >\n\t\t\t\t\t\tDr.\t\t\t\t\t<\/option>\n\t\t\t\t\t\t\t<\/select>\n\t\t\t<\/div>\r\n<\/div>\r\n<div data-field-wrapper=\"fld_3688899\" class=\"form-group\" id=\"fld_3688899_1-wrap\">\r\n\t<label id=\"fld_3688899Label\" for=\"fld_3688899_1\" class=\"control-label\">Pr\u00e9nom <span aria-hidden=\"true\" role=\"presentation\" class=\"field_required\" style=\"color:#ee0000;\">*<\/span><\/label>\r\n\t<div class=\"\">\r\n\t\t<input   required type=\"text\" data-field=\"fld_3688899\" class=\" form-control\" id=\"fld_3688899_1\" name=\"fld_3688899\" value=\"\" data-type=\"text\" aria-required=\"true\"   aria-labelledby=\"fld_3688899Label\" >\t\t\t<\/div>\r\n<\/div>\r\n<div data-field-wrapper=\"fld_645468\" class=\"form-group\" id=\"fld_645468_1-wrap\">\r\n\t<label id=\"fld_645468Label\" for=\"fld_645468_1\" class=\"control-label\">Num\u00e9ro de contact <span aria-hidden=\"true\" role=\"presentation\" class=\"field_required\" style=\"color:#ee0000;\">*<\/span><\/label>\r\n\t<div class=\"\">\r\n\t\t<input   required type=\"tel\" data-field=\"fld_645468\" class=\" form-control\" id=\"fld_645468_1\" name=\"fld_645468\" value=\"\" data-type=\"phone_better\" aria-required=\"true\"   aria-labelledby=\"fld_645468Label\" >\t\t\t<\/div>\r\n<\/div>\r\n<hr id=\"fld_146962_1\" class=\"\" style=\"width: 100%\" \/><\/div><div  class=\"col-sm-6  last_col\"><div data-field-wrapper=\"fld_6829296\" class=\"form-group\" id=\"fld_6829296_1-wrap\">\r\n\t<label id=\"fld_6829296Label\" for=\"fld_6829296_1\" class=\"control-label\">Nom de famille <span aria-hidden=\"true\" role=\"presentation\" class=\"field_required\" style=\"color:#ee0000;\">*<\/span><\/label>\r\n\t<div class=\"\">\r\n\t\t<input   required type=\"text\" data-field=\"fld_6829296\" class=\" form-control\" id=\"fld_6829296_1\" name=\"fld_6829296\" value=\"\" data-type=\"text\" aria-required=\"true\"   aria-labelledby=\"fld_6829296Label\" >\t\t\t<\/div>\r\n<\/div>\r\n<div data-field-wrapper=\"fld_6830845\" class=\"form-group\" id=\"fld_6830845_1-wrap\">\r\n\t<label id=\"fld_6830845Label\" for=\"fld_6830845_1\" class=\"control-label\">Adresse de messagerie <span aria-hidden=\"true\" role=\"presentation\" class=\"field_required\" style=\"color:#ee0000;\">*<\/span><\/label>\r\n\t<div class=\"\">\r\n\t\t<input   required type=\"email\" data-field=\"fld_6830845\" class=\" form-control\" id=\"fld_6830845_1\" name=\"fld_6830845\" value=\"\" data-type=\"email\" aria-required=\"true\"   aria-labelledby=\"fld_6830845Label\" >\t\t\t<\/div>\r\n<\/div>\r\n<div data-field-wrapper=\"fld_193439\" class=\"form-group\" id=\"fld_193439_1-wrap\">\r\n\t<label id=\"fld_193439Label\" for=\"fld_193439_1\" class=\"control-label\">Num\u00e9ro de contact alternatif<\/label>\r\n\t<div class=\"\">\r\n\t\t<input    type=\"tel\" data-field=\"fld_193439\" class=\" form-control\" id=\"fld_193439_1\" name=\"fld_193439\" value=\"\" data-type=\"phone_better\"   aria-labelledby=\"fld_193439Label\" >\t\t\t<\/div>\r\n<\/div>\r\n<hr id=\"fld_1307529_1\" class=\"\" style=\"width: 100%\" \/><\/div><\/div><div id=\"CF61b7984903a67_1-row-2\"  class=\"row \"><div  class=\"col-sm-6  first_col\"><div id=\"cf2-fld_1690792_1\" class=\"cf2-field-wrapper\" data-field-id=\"fld_1690792_1\"><\/div><hr id=\"fld_3259672_1\" class=\"\" style=\"width: 100%\" \/><\/div><div  class=\"col-sm-6  last_col\"><div id=\"cf2-fld_1720034_1\" class=\"cf2-field-wrapper\" data-field-id=\"fld_1720034_1\"><\/div><hr id=\"fld_5894430_1\" class=\"\" style=\"width: 100%\" \/><\/div><\/div><div id=\"CF61b7984903a67_1-row-3\"  class=\"row  last_row\"><div  class=\"col-sm-12  single\"><div data-field-wrapper=\"fld_6566084\" class=\"form-group\" id=\"fld_6566084_1-wrap\">\r\n\t<label id=\"fld_6566084Label\" for=\"fld_6566084_1\" class=\"control-label\">Message\/commentaires<\/label>\r\n\t<div class=\"\">\r\n\t\t<textarea name=\"fld_6566084\" value=\"\" data-field=\"fld_6566084\" class=\"form-control\" id=\"fld_6566084_1\" rows=\"4\"    aria-labelledby=\"fld_6566084Label\" ><\/textarea>\n\t\t\t<\/div>\r\n<\/div>\r\n<div data-field-wrapper=\"fld_7007738\" class=\"form-group\" id=\"fld_7007738_1-wrap\">\r\n<div class=\"\">\r\n\t<input  class=\"btn btn-default\" type=\"submit\" name=\"fld_7007738\" id=\"fld_7007738_1\" value=\"Envoyer\" data-field=\"fld_7007738\"  >\n<\/div>\r\n<\/div>\r\n\t<input class=\"button_trigger_1\" type=\"hidden\" name=\"fld_7007738\" id=\"fld_7007738_1_btn\" value=\"\" data-field=\"fld_7007738\"  \/>\n<\/div><\/div><\/form>\r\n<\/div>\r\n\t\t\t\t<\/div>\n\t\t\t\t<\/div>\n\t\t\t\t\t<\/div>\n\t\t<\/div>\n\t\t\t\t\t<\/div>\n\t\t<\/section>\n\t\t\t\t\t<\/div>\n\t\t<\/div>\n\t\t\t\t\t<\/div>\n\t\t<\/section>\n\t\t\t\t<\/div>\n\t\t","protected":false},"excerpt":{"rendered":"<p>Recrutement recrutement@greenline-Group.Com\u200b POURQUOI NOUS REJOINDRE ? Vous recherchez un emploi stable, avec des opportunit\u00e9s d\u2019\u00e9volution de carri\u00e8re qui est seraitcompatible avec votre rythme de vie personnelle ? Greenline Group recrute r\u00e9guli\u00e8rement des agents, avec qui nous construisons ensemble une relation de travail bas\u00e9e sur la confiance et l\u2019efficacit\u00e9. Notre ambition est grande et collective et&hellip;&nbsp;<a href=\"https:\/\/greenline-group.com\/index.php\/recrutement\/\" rel=\"bookmark\">Lire la suite &raquo;<span class=\"screen-reader-text\">Recrutement<\/span><\/a><\/p>\n","protected":false},"author":3,"featured_media":0,"parent":0,"menu_order":0,"comment_status":"closed","ping_status":"closed","template":"page-templates\/template-pagebuilder-full-width.php","meta":{"neve_meta_sidebar":"","neve_meta_container":"","neve_meta_enable_content_width":"","neve_meta_content_width":0,"neve_meta_title_alignment":"","neve_meta_author_avatar":"","neve_post_elements_order":"","neve_meta_disable_header":"","neve_meta_disable_footer":"","neve_meta_disable_title":"on","footnotes":""},"class_list":["post-13","page","type-page","status-publish","hentry"],"_links":{"self":[{"href":"https:\/\/greenline-group.com\/index.php\/wp-json\/wp\/v2\/pages\/13","targetHints":{"allow":["GET"]}}],"collection":[{"href":"https:\/\/greenline-group.com\/index.php\/wp-json\/wp\/v2\/pages"}],"about":[{"href":"https:\/\/greenline-group.com\/index.php\/wp-json\/wp\/v2\/types\/page"}],"author":[{"embeddable":true,"href":"https:\/\/greenline-group.com\/index.php\/wp-json\/wp\/v2\/users\/3"}],"replies":[{"embeddable":true,"href":"https:\/\/greenline-group.com\/index.php\/wp-json\/wp\/v2\/comments?post=13"}],"version-history":[{"count":53,"href":"https:\/\/greenline-group.com\/index.php\/wp-json\/wp\/v2\/pages\/13\/revisions"}],"predecessor-version":[{"id":1374,"href":"https:\/\/greenline-group.com\/index.php\/wp-json\/wp\/v2\/pages\/13\/revisions\/1374"}],"wp:attachment":[{"href":"https:\/\/greenline-group.com\/index.php\/wp-json\/wp\/v2\/media?parent=13"}],"curies":[{"name":"wp","href":"https:\/\/api.w.org\/{rel}","templated":true}]}}